69600
In base 2, what is 111100101001 + -10001?
111100011000
In base 12, what is -1 - -17589?
17588
In base 2, what is -1 - 11101111010111001010?
-11101111010111001011
In base 13, what is -4cb - 282?
-780
In base 7, what is -14 + 666525?
666511
In base 7, what is 3342 + -11?
3331
In base 6, what is 10 + 3201221?
3201231
In base 11, what is -42278 - 43?
-42310
In base 10, what is -1486 + 32?
-1454
In base 13, what is -229b5 - 4?
-229b9
In base 11, what is 71a - -32?
751
In base 14, what is -167976 - 2?
-167978
In base 4, what is -31 - 203032?
-203123
In base 4, what is 1130221 - -3?
1130230
In base 5, what is -1413321 + -111?
-1413432
In base 15, what is -a7ca - 2?
-a7cc
In base 15, what is 72 - -1d0?
252
In base 9, what is 34 + 6547?
6582
In base 10, what is 920 + -44?
876
In base 5, what is -11 - -23432?
23421
In base 8, what is -3 - 115177?
-115202
In base 14, what is -2447 - a8?
-2511
In base 5, what is -142 + -4004?
-4201
In base 11, what is -1045 - 134?
-1179
In base 10, what is 10858 + -16?
10842
In base 6, what is 4352 - -201?
4553
In base 6, what is -1111 - 105?
-1220
In base 5, what is -12 - -21213332?
21213320
In base 16, what is -54668 + 2?
-54666
In base 15, what is -b92a - -4?
-b926
In base 8, what is 1 + 25420?
25421
In base 7, what is 14316520 + 5?
14316525
In base 13, what is 5bb + -307?
2b4
In base 8, what is 1720 + 10?
1730
In base 15, what is 0 - -6b71?
6b71
In base 13, what is -23 - -2a8?
285
In base 15, what is 1 - 4971b?
-4971a
In base 14, what is 50a5 - -2?
50a7
In base 15, what is -15 - -24a0e?
249e9
In base 4, what is -1312 + 2213?
301
In base 10, what is -408247 + 4?
-408243
In base 5, what is 1300004 - 2?
1300002
In base 8, what is 305154 + -3?
305151
In base 13, what is -4 + -5160a0?
-5160a4
In base 3, what is -200 - -11202010?
11201110
In base 7, what is -3 + -44432?
-44435
In base 15, what is b9 - -320?
3d9
In base 15, what is 64 + b735?
b799
In base 14, what is 126c5b + 2?
126c5d
In base 2, what is 110111000101 + -1000110011?
101110010010
In base 8, what is 4 - 7001?
-6775
In base 8, what is -20 + 1753?
1733
In base 15, what is 0 - 74cec?
-74cec
In base 15, what is -2 - -20b5?
20b3
In base 16, what is 4 - -3a88?
3a8c
In base 16, what is d17 + -3?
d14
In base 6, what is 13304 + 15551?
33255
In base 15, what is -12dc - 1ad?
-149a
In base 13, what is 122 + 8757?
8879
In base 4, what is 2010002 + -32?
2003310
In base 15, what is 5d365 - 2?
5d363
In base 16, what is -492d - 5d?
-498a
In base 13, what is -5 + -825c6?
-825cb
In base 15, what is dd + -2cdc?
-2bee
In base 9, what is -161824 + 0?
-161824
In base 16, what is 9842 + 3?
9845
In base 11, what is -86509 - -8?
-86501
In base 2, what is 11011000111110 + -1001011?
11010111110011
In base 16, what is -2615 + 22f?
-23e6
In base 7, what is 3 + -3263663?
-3263660
In base 10, what is 1345 - -173?
1518
In base 7, what is -422 + 1520?
1065
In base 2, what is -1010111000 - -110?
-1010110010
In base 9, what is 55104 - 3?
55101
In base 16, what is 28153 - 4?
2814f
In base 13, what is -6 + -1b0?
-1b6
In base 6, what is 254211 - 3?
254204
In base 7, what is -5 - 35522?
-35530
In base 7, what is -5 + 13611?
13603
In base 13, what is -728 + 48?
-6b0
In base 14, what is 68 - 9d0?
-966
In base 13, what is 1c2 - 2b3?
-c1
In base 7, what is 0 + 46104?
46104
In base 13, what is -2 - a975?
-a977
In base 14, what is -d59 - 166?
-10c1
In base 13, what is -2 + 20a2?
20a0
In base 11, what is -11 - 3a06?
-3a17
In base 8, what is -5 + 314321?
314314
In base 14, what is 12 + 408?
41a
In base 6, what is 2 + -232334?
-232332
In base 14, what is aa - -b?
b7
In base 3, what is 20102102 + 2112?
20111221
In base 16, what is -6 + -4bf7?
-4bfd
In base 4, what is -2 + 2323000?
2322332
In base 6, what is -1541505 - -1?
-1541504
In base 4, what is 3030113 - -1?
3030120
In base 16, what is d + 635d?
636a
In base 6, what is 11 - -4302302?
4302313
In base 9, what is 11581 - 6?
11574
In base 12, what is 21 - 4636?
-4615
In base 8, what is -5 + 13520?
13513
In base 10, what is 129 + 1178?
1307
In base 3, what is -110201211 - -12?
-110201122
In base 14, what is -34 - -cd1?
c9b
In base 6, what is -52314433 + 4?
-52314425
In base 16, what is 5a + -518?
-4be
In base 6, what is 235141 + 15?
235200
In base 15, what is 4 - -ecbd?
ecc2
In base 5, what is -443442 - 121?
-444113
In base 5, what is -2 + -120121332?
-120121334
In base 3, what is -1102 - 2112?
-10221
In base 2, what is -100000011001100111100 + -1?
-100000011001100111101
In base 16, what is 4 + -5a8db?
-5a8d7
In base 5, what is 1412043 + -21?
1412022
In base 2, what is -11101000010000100111 - -1?
-11101000010000100110
In base 14, what is 8 + -3ccc2?
-3ccb8
In base 10, what is 1038 + -539?
499
In base 13, what is 1c4 - -2?
1c6
In base 12, what is 1724 - -3?
1727
In base 9, what is -1405 - 50?
-1455
In base 14, what is -12d + -46?
-175
In base 8, what is -14555 + -15?
-14572
In base 5, what is -1 - 332?
-333
In base 4, what is -313 - 210331?
-211310
In base 7, what is -3 + -11306520?
-11306523
In base 6, what is -213 - 3052?
-3305
In base 12, what is -4a1 - -29?
-474
In base 16, what is -f6fb + 4?
-f6f7
In base 13, what is 243 - -139?
37c
In base 15, what is 70 + -368e?
-361e
In base 13, what is 153 + 3a?
190
In base 2, what is -100001010110001 - 1001101?
-100001011111110
In base 5, what is 1410044 + -1?
1410043
In base 8, what is 126 - -71?
217
In base 14, what is -530d9 - 5?
-53100
In base 10, what is -1 - 250?
-251
In base 8, what is -1152 - 14?
-1166
In base 12, what is 5 + -2181a6?
-2181a1
In base 7, what is 16404 + 113?
16520
In base 13, what is 187a0 - a?
18793
In base 16, what is 9b0 - -8?
9b8
In base 12, what is -9766 - 6a?
-9814
In base 14, what is -167 + -3b8?
-541
In base 11, what is 2 - -10883?
10885
In base 13, what is 1379a1 - -2?
1379a3
In base 12, what is -152516 - 1?
-152517
In base 3, what is 2002000112 + -10?
2002000102
In base 15, what is -825 - b?
-831
In base 15, what is -4 - 464c?
-4651
In base 3, what is 0 - 1212022210?
-1212022210
In base 4, what is -1131230113 + 3?
-1131230110
In base 8, what is -1437413 + 3?
-1437410
In base 5, what is -1011 - 4420?
-10431
In base 10, what is 25633 + 2?
25635
In base 5, what is -30322 - 3144?
-34021
In base 9, what is -315648 + 5?
-315643
In base 7, what is 1321 + 10631?
12252
In base 6, what is 3544 + 11?
3555
In base 6, what is 221434 - -11?
221445
In base 14, what is -38 + 22c8?
2290
In base 6, what is 1513 - -10041?
11554
In base 6, what is -405 + 24502?
24053
In base 15, what is d761 + -4?
d75c
In base 16, what is -16 + -3bca?
-3be0
In base 13, what is b - 735b?
-7350
In base 4, what is 110110110 + 11?
110110121
In base 11, what is 732 - -8?
73a
In base 16, what is 11d13e + 4?
11d142
In base 7, what is -55416063 + 3?
-55416060
In base 10, what is 5 - 110772?
-110767
In base 4, what is -33 - -32123103?
32123010
In base 6, what is 352 - -205124?
205520
In base 12, what is -2 - 119a4?
-119a6
In base 5, what is -1244 - -2122?
323
In base 4, what is -2 - 302301?
-302303
In base 5, what is -3 + 231111440?
231111432
In base 13, what is 0 + -16aa?
-16aa
In base 14, what is -4 - 73aa?
-73b0
In base 5, what is 22131223 + -4?
22131214
In base 5, what is 2304411 - 3?
2304403
In base 14, what is 1785c + -1?
1785b
In base 3, what is 1 + 1020220?
1020221
In base 4, what is -10120200 + -3?
-10120203
In base 13, what is 222 - -152?
374
In base 9, what is -62 - 2?
-64
In base 6, what is -5 + -1040414?
-1040423
In base 11, what is -1863 + -11?
-1874
In base 10, what is -4 - 706579?
-706583
In base 12, what is 713 + 23?
736
In base 15, what is 5 - 60c3?
-60bd
In base 4, what is -21103202 - -11?
-21103131
In base 11, what is -380392 + 0?
-380392
In base 10, what is 450634 + 4?
450638
In base 5, what is -4 - -23023?
23014
In base 6, what is -2 - 121514?
-121520
In base 14, what is -3427 - 10?
-3437
In base 6, what is -23043244 - -1?
-23043243
In base 9, what is -686023 - 3?
-686026
In base 16, what is 5 - -1525?
152a
In base 7, what is -4 - -3123226?
3123222
In base 2, what is 1101001010110110 + -100010?
1101001010010100
In base 5, what is 14341 - 1313?
13023
In base 13, what is 0 - -a7b5?
a7b5
In base 10, what is 565452 + 6?
565458
In base 9, what is -2071527 - -4?
-2071523
In base 14, what is -3975 - 1?
-